))/2. Suppose 3*k - 46 = 5*m, k + s*m + m - 4 = 0. What is the greatest common factor of 12 and k?
12
Let c = -7 + 17. Let k = c + -8. What is the greatest common factor of 2 and k?
2
Let m = 27 + -19. Let y = 13 - 9. What is the highest common factor of m and y?
4
Let x(n) = 3*n**2 + 22*n - 32. Let z be x(-14). Calculate the highest common divisor of 62 and z.
62
Suppose -3*l + 30 = -84. Let d = -26 + l. Let g(w) = -44*w. Let b be g(-3). What is the greatest common divisor of b and d?
12
Suppose -2*w = -5*w. Let f = w + 2. Suppose -r = 5*z - 119, -f*r = 2*z + z - 70. Calculate the greatest common divisor of z and 16.
8
Let k = -5 - 0. Let r(f) = f**2 - 5*f + 4. Let s be r(k). What is the greatest common divisor of 6 and s?
6
Let h(a) = -a**3 + 9*a**2 - 7*a - 4. Let v be h(8). Suppose 5*f + 3*t - 93 = 0, v*f + 0*t = 4*t + 68. Calculate the highest common divisor of f and 45.
9
Suppose -t = -4*t + 435. Let r = t + -88. Calculate the highest common divisor of r and 19.
19
Let r = 6 - 3. Suppose 330 = 5*i + r*k, -3*i + 97 = 2*k - 101. Calculate the highest common factor of i and 6.
6
Let g = 43 - -16. Let n = g + -4. What is the highest common factor of 5 and n?
5
Let f(j) = -2*j**3 + j - 2. Let w be f(-2). Calculate the greatest common factor of 3 and w.
3
Let j(f) = -9*f + 5. Let d be (-4)/5*(-2 - 3). Let o be j(d). Let i be -1 + -1 + (1 - o). What is the greatest common divisor of i and 20?
10
Suppose 11 = -6*k + 7*k. What is the highest common divisor of k and 11?
11
Let m(v) = -v**3 + 9*v**2 + 2*v - 12. Let b be m(5). Suppose -3*c + 91 + b = 0. Calculate the highest common factor of 21 and c.
21
Let c(y) be the first derivative of y**2/2 + 7*y - 1. Let b be c(-5). What is the highest common divisor of b and 3?
1
Suppose 2*j - 91 = -5*c, -j = 3*c - 75 + 20. What is the highest common divisor of 171 and c?
19
Let i(q) = 9*q**2 - q. Let m be i(4). What is the highest common divisor of m and 40?
20
Let n be (42/35)/(0 + (-1)/(-10)). Calculate the greatest common factor of 4 and n.
4
Let x(d) = -8*d**3 - 2*d**2 + d + 1. Let l be x(-1). What is the greatest common divisor of l and 8?
2
Let y = 2 - -3. Suppose -4*q = -4*n + 492, -y*n + 2*q = 4*q - 594. What is the greatest common factor of 20 and n?
20
Suppose 0 = -3*q - 2*q - 20. Suppose -10*k = -5*k + 15. Let r be (4 + -1)*q/k. What is the greatest common divisor of 44 and r?
4
Suppose 23*f - 650 = 477. Calculate the greatest common factor of 7 and f.
7
Let w = -4 - -6. Let u(z) = 2*z**w - 2*z + 1 - 4 + 3*z. Let q be u(-3). What is the greatest common divisor of 8 and q?
4
Let m(w) = -w**3 + 11*w**2 - 12*w + 2. Let l be m(10). Let q = -5 - l. What is the highest common divisor of 13 and q?
13
Suppose 2*c + 3 = 9. Suppose x = -c*x + 12. Suppose x*l + 2 = u + 36, 2*l - 31 = -u. What is the highest common factor of 13 and l?
13
Suppose 2*n = 7*n - 25. Suppose -4*x + 11 = n*m, 2*m - 8 - 1 = 3*x. What is the highest common divisor of 3 and m?
3
Suppose 2*y = -y + 27. What is the greatest common divisor of 6 and y?
3
Suppose f - 6 = -0. Let q = 4 + f. Suppose -12 = -3*b + 18. Calculate the highest common factor of q and b.
10
Suppose v + 2*v = 30. Suppose 4*g = q + 1452, -2*q + 5*q = g - 363. Suppose 3*c - 135 - 134 = -y, -3*y = -4*c + g. What is the highest common factor of c and v?
10
Let n(v) = 2*v**3 - 2*v**2 + 6*v - 7. Let k be n(2). Calculate the highest common divisor of 26 and k.
13
Suppose 0 = m - 8 - 6. What is the greatest common factor of 14 and m?
14
Let v(f) = -f**2 - 12*f - 9. Let q be v(-6). Calculate the greatest common factor of q and 243.
27
Suppose t = 422 + 7. What is the greatest common factor of t and 39?
39
Suppose 4 + 8 = 3*y. Suppose -x = -1, -y*q - 12 + 87 = 3*x. Calculate the greatest common factor of 36 and q.
18
Suppose 0 = 6*f - 616 - 320. Calculate the greatest common factor of 12 and f.
12
Let c(o) = -2*o**3 - 5*o**2 + 3*o**3 + 8 + 3*o + 2*o - 3*o. Let u be c(6). Calculate the highest common divisor of u and 84.
28
Suppose b = -b + 20. Suppose 5*f + 4*z + 245 = 0, -f - 4*z - 95 + 30 = 0. Let t = 25 - f. What is the highest common factor of t and b?
10
Suppose -426 = 6*n - 3*n. Let s = -16 - n. Suppose 0 = -11*o + 187 - 33. What is the highest common divisor of o and s?
14
Suppose -7*m = -5*m - 176. Calculate the greatest common factor of 11 and m.
11
Suppose 1 = 3*k - 26. Calculate the highest common divisor of k and 27.
9
Let c = -6 - -8. Suppose 4*j + 20 = 0, -s + c*s - 5*j = 26. What is the highest common factor of 8 and s?
1
Let d(a) = 6*a - 2. Let z be d(3). What is the greatest common factor of 2 and z?
2
Let d = -47 - -93. Suppose -1 = t, 3*i - 4*t = -0 + 70. Suppose -47 = -a + i. What is the highest common factor of a and d?
23
Suppose 4*s = 2*v + 14, 4*s + 2*v + 4 = 6*s. Let y be (-1211)/(-2) + s/(-10). Suppose -7*g + y = -2*g. Calculate the highest common divisor of 11 and g.
11
Let g be (-4539)/(-68) - (1 - (-3)/(-12)). Calculate the highest common divisor of 44 and g.
22
Let i = 90 - 53. Suppose 5*z = 98 + i. What is the greatest common divisor of z and 18?
9
Suppose 88 = 5*l - 2*t, 3*t = 5*l - 17 - 70. Let o(a) = -26*a + 1. Let f be (1 - (-2 - -1))/(-2). Let i be o(f). What is the highest common divisor of l and i?
9
Suppose c = 4*c. Suppose -5*j + 6*j - 38 = c. What is the highest common factor of j and 95?
19
Let y(s) = 0*s - s - 3*s - s**2 - 1. Let t be y(-3). Suppose 5*n = -3*g + 41 + 39, -n - t*g = -9. What is the greatest common factor of n and 133?
19
Suppose -r = -2*r - 3. Let b be (-20)/(-3)*r/(-2). Suppose 120 = 3*k + 3*l, -5*l - 120 = -0*k - 3*k. What is the greatest common factor of b and k?
10
Let b = 39 - 12. What is the greatest common divisor of b and 9?
9
Let w be -3 - -2 - (1 - 3). Suppose -w = 4*c + 3, 4 = 5*p + c. Calculate the highest common factor of 1 and p.
1
Let x = -7 + 15. Let g be (-54)/x*(-7 + 3). Calculate the greatest common divisor of g and 3.
3
Let f(z) = -2*z - 4. Let h be f(-3). Suppose h*s = -0*s + 2. Suppose -s - 7 = -x. What is the highest common divisor of x and 64?
8
Let r = -4 + 9. Let b be 27/3 - (r + -2). Suppose 2*d - 3*h - 59 = 49, 0 = -3*h. Calculate the greatest common divisor of b and d.
6
Let v(g) = 8*g - 4. Let h be v(2). Calculate the greatest common factor of 12 and h.
12
Let u(k) = 5*k**2 + k. Let p be u(-3). What is the greatest common divisor of p and 28?
14
Let g = 0 - -3. Suppose 5*m - 3 = 7, -o + g*m = 3. Suppose o*v + 2*b = -2*b + 308, v - 94 = 3*b. Calculate the highest common divisor of v and 40.
20
Let b = -6 - -8. Suppose x - 42 = -b*x. Suppose -s = 13 - 15. Calculate the greatest common divisor of s and x.
2
Suppose -3*u = 1 - 7. Let h = 10 + -6. Let d be (h/(-5))/(4/(-40)). What is the greatest common factor of d and u?
2
Suppose n - 5*n = -5*y - 10, 0 = n - 4*y + 3. Suppose 16*u - 17*u + 1 = 0. What is the highest common factor of u and n?
1
Let r(t) = 2*t**2 - 2*t - 4. Let c be r(3). Let v = c + 14. Let x be ((-8)/10)/((-14)/385). What is the greatest common factor of v and x?
22
Suppose -21*l + 31*l = 1100. Calculate the greatest common factor of l and 55.
55
Suppose -t - 4*t = -20. What is the highest common factor of 28 and t?
4
Let z(j) = j**3 + 6*j**2 - 2*j - 8. Let g be z(-6). Suppose 3*u - g*p = 7, -p - 5 - 1 = -5*u. What is the greatest common divisor of u and 5?
1
Suppose -1 = 3*o - 16. Suppose 4*z - 21 = 2*z - 3*h, -o*h = -2*z + 13. Let l = -33 - -114. Calculate the highest common divisor of z and l.
9
Let t = 72 + -62. What is the highest common factor of t and 20?
10
Suppose t - 24 = 2*s, -6*s + 135 = 5*t - s. Calculate the greatest common divisor of 39 and t.
13
Suppose w + 3 = 4*w. Let z be (12/18)/(w/45). Calculate the highest common divisor of 20 and z.
10
Let a(b) = 70*b**2 + b + 1. Let i be a(-1). Let v be (-1)/(-1 - 18/(-20)). Let p be (56/v)/(2/10). Calculate the greatest common divisor of p and i.
14
Suppose 4*z - 162 = -5*z. Calculate the highest common divisor of 3 and z.
3
Let p be (-3 - (1 + -1)) + 12. Suppose -33 + p = -2*g. Suppose -s = 3*t + 2*s - 39, 2*t + s - 25 = 0. What is the highest common factor of g and t?
12
Suppose -2 = 3*i - 8. Suppose 26 = g + 17. Suppose -4*u + g*u = 100. Calculate the highest common divisor of i and u.
2
Let w be ((-432)/(-14))/